 - 6)) - (39 - 23).
-12
What is the value of -16 + -1 + (-24 + 20 - 1) - -9?
-13
(6 - (-1 + 4)) + -8 + 10
5
Calculate (4 + -5 - 0) + -6 - -19.
12
What is (0 - (4 - -2)) + 8 + 3 + -17?
-12
Evaluate (1 + 6 - 3) + (-3 - (-9 + -6)).
16
-25 - ((9 - 7) + -14) - (2 + 2)
-17
What is the value of -2 - 3 - -24 - (-144 + 139)?
24
Evaluate -3 + 1 + -2 - (6 + -9 + 20).
-21
Evaluate 15 + 16 + -19 + -15 - -7.
4
Calculate 25 + (2 - -3 - 4 - -5) + -7.
24
What is the value of 8 - (0 + (13 - -5)) - (-53 + 4)?
39
What is the value of -6 + 3 + -11 + 8 + -4 + 5?
-5
(-95 - -92 - (1 - -4 - 2)) + 22
16
Evaluate -1 + -1 - (23 - (18 - (18 + -7))).
-18
(38 - 36) + -6 + -14
-18
Evaluate 2 - -7 - (15 + -12).
6
Calculate (-25 - (3 + -4)) + 33.
9
What is 7 - 23 - -10 - 0 - -1?
-5
Evaluate (-3 - 1) + (-44 - -36) + 9.
-3
What is the value of -19 + (6 + -5 - (5 + -9 - -3))?
-17
Calculate -1 - -10 - (3 - 2 - -4).
4
-4 + -4 - ((1 - 7 - -4) + 0)
-6
Evaluate -16 + 7 + 24 + -13.
2
-43 + 11 + 10 + 4 + 16
-2
What is the value of -162 + 164 + (-13 - (-1 + 1))?
-11
10 + -3 - 4 - 22 - -11
-8
What is the value of 2 - (4 - (5 - -13 - (-14 + 13)))?
17
Calculate -1 + (23 - (2 + 19) - (-1 + 0)).
2
Evaluate -7 + -1 + 3 + 15 + -15 + 12.
7
What is 0 + (28 - 4) + -39?
-15
What is the value of (4 - 3 - 16) + 7 + -4?
-12
Evaluate -7 + 25 + -16 + -13.
-11
Calculate (133 - 129) + 0 + 4.
8
What is 10 - (-3 + (18 - 8 - 8))?
11
Calculate 2 - -1 - (133 - 131).
1
Calculate 4 + -1 + 15 + -71 + 34.
-19
Evaluate 16 - (-16 + 10) - (19 + -11).
14
16 + (10 - (6 - -3)) + (1 - 7)
11
Calculate -19 - -19 - (6 - (0 - 2)) - 4.
-12
What is (-1 + -19 - -3) + (27 - 8 - 13)?
-11
Evaluate 1 + 3 + -2 + (8 - 13).
-3
What is 61 + -104 - (6 - 33)?
-16
What is the value of 3 + -10 - (-3 - 8 - -2)?
2
Evaluate (1 - -6 - 7) + 0 + 4 - -3.
7
(-30 - -53) + (-3 - 2) + -4
14
Evaluate (7 - 6) + (4 - (3 + -2)).
4
What is the value of -9 + -8 + 15 + 2?
0
Calculate 9 + 0 + -5 + 5.
9
6 - (-12 + 14 + -6)
10
Evaluate 2 + (-4 - -4) - (-8 - (11 - 29)).
-8
What is the value of -7 - -2 - (7 - 22)?
10
(-15 - -1) + (2 - -7)
-5
What is the value of -26 + 0 + 1471 + -1440?
5
What is the value of -4 + 6 + -5 + 28 + -1 + -5?
19
Evaluate -19 - -40 - (-5 + 14) - 29.
-17
Calculate -3 + (-5 - -2) + -7.
-13
Calculate -12 + 1 + -3 + -3 - (0 + -6).
-11
Evaluate (8 - (-4 - -5)) + -27 + 26.
6
Calculate 29 + -16 + 4 - 6.
11
-3 + 8 + -22 + 23
6
What is the value of 17 + 10 + (-3 - 10) + -39?
-25
What is 38 + -33 + (1 - 3)?
3
Evaluate 1 + (0 - -3) - (-85 - -92).
-3
-6 - (18 + -11 + (-9 - -4))
-8
(4 - (1 + 0)) + -34 + -15 + 53
7
What is the value of 0 - 5 - (10 + (1 - 15))?
-1
What is the value of 18 + 0 - (176 - 167)?
9
99 - 102 - (5 + -2 + 5)
-11
What is 8 - (8 + -10 - -20)?
-10
What is the value of -59 + 62 - (-4 + (0 - 3))?
10
What is the value of -5 + 2 + (-2 + 12 - -1) + -10?
-2
Calculate 10 + 13 + -9 - 31.
-17
Calculate 3 + (-7 - -2) + 15 - 3.
10
-16 - -14 - -1 - 2
-3
(1 - (-4 - -1)) + (-32 - (-5 + -35))
12
Calculate -33 - -6 - -8 - (-24 - -34).
-29
What is the value of 15 + -26 + 18 + (3 - 3)?
7
-5 - (1 + 9 + 3 + -5)
-13
What is the value of (-6 - 6) + (3 - (0 - -13))?
-22
What is 7 + 6 + 19 + -17 - -8?
23
-6 + (6 - (5 - -5 - 2)) + -5
-13
What is the value of 150 + -152 + (-1 - 10)?
-13
What is (-5 - (-19 + 6)) + -10 + 18?
16
Calculate 7 + 2 + 2 - (-4 + 35).
-20
-4 + 0 + 5 + (2 - 4 - 11)
-12
What is (-14 - 0) + -35 + 14 + 22?
-13
Evaluate (0 - (-2 + 1)) + 6 - (-1059 - -1055).
11
13 - ((-18 - 7) + 9 + 5)
24
Calculate -40 + 31 + (-6 - (-30 - (-8 - -6))).
13
Evaluate -36 + (19 + -27 - -24).
-20
Calculate -13 - 3 - (43 + -2 - 76).
19
What is (3 - (-8 - -10)) + (-2 - -3) + -8?
-6
Calculate 5 + (-8 - (19 - 28)).
6
(1 - -3) + (-2 + 1 - -3) + -11
-5
Calculate (-15 - -24) + -4 + -21 + -1 + 0.
-17
Calculate -48 + 38 - (-5 + 2 + -1 - 3).
-3
What is the value of -205 + 194 + (15 - 1)?
3
(0 + -1 - (709 + -721)) + -1 + -16
-6
(142 - 145) + 17 + -2
12
Calculate 1 - -21 - (-18 - (-66 - -46)).
20
Evaluate -2 - (-11 + 14 + -4 - -19).
-20
Calculate 15 - (-2 - (-2 - -11)).
26
5 + -33 - (-15 - 41)
28
What is (1 + -2 - (2 - -12)) + 5?
-10
Evaluate -8 + -19 + 24 + 11.
8
What is the value of 12 + 6 + -6 + 20 + -31?
1
Calculate -2 - (3 - (10 - 6)).
-1
What is 281 + -294 - (6 + 2 - 0)?
-21
What is (19 - (28 + -6)) + -9 + 0?
-12
-7 - (6 - (10 + -8))
-11
25 - (-9 - -3 - -20)
11
What is the value of 20 + -9 + -37 + 8?
-18
-2 - ((-12 - -1) + 5 - 2)
6
-6 + (3 + -3 - (8 + -14 + 5))
-5
Evaluate (11 - -1) + (-7 - 38) + 38.
5
0 - (1 - (19 + (-14 - -4)))
8
What is the value of 31 - (-21 + -37 + 108)?
-19
What is the value of -5 - (-1 - -3) - (27 - (71 + -39))?
-2
What is 9 + (-11 - (-16 - -20))?
-6
Evaluate 17 - (-3 + 10) - 25.
-15
What is the value of (1 + -12 - 0) + (1228 - 1198)?
19
What is the value of (0 - (-13 + 9 + 7)) + -7?
-10
1 + (3 + -2 + (-6 - -1) - -12)
9
Evaluate (11 - 14) + -6 - -7.
-2
3 + (-3 - -8) - (-7 + 1)
14
Calculate (26 - (-3 + (8 - 2))) + 5.
28
Evaluate 8 + (-19 - (2 - 1)) + 43 + -41.
-10
(10 - (9 - (-7 - -9))) + (-16 - 0)
-13
Calculate (0 - -2) + -36 + 23 + 25.
14
Evaluate -1 + -1 + -21 + 235 + -225.
-13
(1 - 4) + -10 + (-506 - -556)
37
What is the value of 0 + 4 + -7 + 3 + (40 - 58)?
-18
What is 25 + (-7 - -38) + -25?
31
Calculate -22 + 9 + (-2 - -22).
7
Calculate 118 - 117 - (-1 - -1).
1
Calculate (13 - 1 - (47 - 34)) + 0.
-1
What is -10 + (1 - -4) + (2 - 4) + -5?
-12
-4 - (1 + (-16 - -9) + 1)
1
Calculate 459 + -456 - (-25 + (1 - (0 + -2))).
25
What is the value of -36 + 43 + (-2 - 19)?
-14
11 - (-16 - (16 + 3 - 17))
29
What is the value of 3 + (2 - (2 - -5 - 7))?
5
Evaluate 3 - -7 - (10 - (7 + -17 + 13)).
3
Calculate (-4 + -14 - -18) + 32.
32
What is -6 - ((-19 - (-38 - -19)) + (2 - 1))?
-7
Calculate -15 - (5 + (-9 - 30)).
19
Evaluate (6 - (-5 - -2 - -5)) + -13.
-9
Evaluate 16 - (5 - -11) - 10.
-10
8 + -8 + -2 - (-3 + -3)
4
Evaluate (8 - 1) + -15 + -6.
-14
Evaluate 28 - (-18 + 52 + 14).
-20
Evaluate 1 - (10 + -13 + (-4 - -6)).
2
What is the value of (4 - (3 - (4 + 0)) - 0) + -1?
4
Calculate 1895 + -1894 - (20 + (1 - 1)).
-19
135 + -157 + -4 + 5
-21
Calculate 11 + 16 - (23 + 8).
-4
19 + 27 + -29 - -5
22
Evaluate 51 - (-15 - -25) - 6.
35
Evaluate 15 + (5 + -8 - (11 - 5) - -2).
8
What is -2 + 1 + -4 + -1 - (175 - 180)?
-1
What is 0 + 4 + -6 + (-10 - (-6 - -3))?
-9
What is the value of 11 + -2 - (12 + 12 - 23)?
8
Evaluate 1 + -4 - (-100 - -74) - 11.
12
What is the value of -3 - (-1 + 6) - (-43 + 63)?
-28
18 - (-1 + -6 - (-6 + -5 + 5))
19
What is the value of -9 + (-5 + 3 + 6 - (-10 - -15))?
-10
-12 - (-24 - -23 - (0 - -2 - -2))
-7
What is the value of -6 - ((-5 - -3) + -4)?
0
Calculate -18 - (-15 - -5) - -18.
10
-5 - (1 + -8 + 14)
-12
What is the value of -7 + 18 + -4 - 4 - (-2 + 16)?
-11
(3 - -19) + (-132 - -119)
9
What is the value of -163 + 151 + (-11 - -43)?
20
Calculate (-14 + 14 - 0) + 15.
15
What is the value of -9 - 0 - ((19 - (-5 + 24)) + -5)?
-4
What is 1 + ((19 - 20) + -7 + -3 - -37)?
27
25 + 6 + 51 + -82
0
What is the value of -18 - (17 - 11) - -39?
15
Evaluate -26 + 1 + 2 + 3 + 10 - 24.
-34
12 + -11 + -6 + 11
6
(-15 - (3 + 5)) + 16
-7
Calculate (5 - -1) + (20 - (-4 + -12 + 26)).
16
-8 + 2 + (7 - 16) + -4
-19
What is -12 + (18 - 8) + 11?
9
Evaluate -6 + (5 + 9 - 9).
-1
What is the value of -17 - (-57 + (13 - -16))?
11
2 + (-2 - -2) - (-36 - (-46 - -9))
1
Evaluate 3 + 1 - 0 - (19 + (-42 - 8)).
35
What is the value of (-2 - -3 - 17) + (22 - -19) + -30?
-5
Calculate 16 - ((-15 - -22) + 20).
-11
Evaluate -35 - -5 - (56 + -64).
-22
1 - 12 - (-15 + 7 - -15)
-18
What is the value of -6 + 1 - (-2 - (2 - (-15 + -2)))?
16
Calculate 15 + (-6 + 9 - 11).
7
What is (295 - 299) + -2 + 6 + -1?
-1
Calculate (3 - (2 - -13)) + 15.
3
Calculate -5 + (-11 - -9) - -10.
3
-8 + (0 - (-28 + 6))
14
Evaluate 5 - (-6 + -3 + 7 - 1).
8
Evaluate -13 - (-14 + (-12 + 7 - -15)).
-9
What is 55 + -55 - (31 + -6)?
-25
What is the value of 555 + -582 - (-17 - 1)?
-9
Evaluate -37 + (49 - (14 + 14)).
-16
6 + 0 + 4 + 0 - (-47 + 78)
-21
Evaluate (-19 - (-27 - -19)) + 13 + -2.
0
What is the value of -17 + 17 + -4 + 8 - 30?
-26
What is the value of -47 + (11 - (8 + -18))?
-26
Calculate 0 + -2 + 1 - ((13 - 2) + -6).
-6
Evaluate -18 + 4 - (-2 - (6 + (-4 - 3))).
-13
Calculate -7 - 1 - (-17 + 12).
-3